{"id":4797,"date":"2019-11-27T14:35:59","date_gmt":"2019-11-27T13:35:59","guid":{"rendered":"https:\/\/www.erkodent.de\/unternehmen\/nachruf\/"},"modified":"2020-06-25T10:57:08","modified_gmt":"2020-06-25T08:57:08","slug":"obituario","status":"publish","type":"page","link":"https:\/\/www.erkodent.de\/es\/empresa\/obituario\/","title":{"rendered":"Obituario"},"content":{"rendered":"<p>Wir trauern um unseren hochgesch\u00e4tzten Firmengr\u00fcnder und Seniorchef\u00a0Erich Kopp<\/p>\n<p>Sein ausgepr\u00e4gter Erfindergeist und seine unersch\u00f6pfliche Tatkraft haben ihn neben seiner Profession als Zahnarzt zur Gr\u00fcndung der Firma Erkodent veranlasst. Viele Jahrzehnte hat er sich mit ganzer Hingabe und Freude dem Ausbau der Firma und der \u201eFamilie Erkodent\u00bb gewidmet.<\/p>\n<p>F\u00fcr Erich Kopp war es selbstverst\u00e4ndlich, den Kontakt zu seinen Mitarbeitern und Mitarbeiterinnen zu suchen. Auch weit \u00fcber seinen wohlverdienten Ruhestand hinaus, waren ihm die Belange der Firma und der Belegschaft immer wichtig. Dabei haben ihn seine Freundlichkeit, seine Wertsch\u00e4tzung und sein offenes Interesse besonders ausgezeichnet.<\/p>\n<p>Wir sind sehr dankbar f\u00fcr das Lebenswerk von Erich Kopp. Mit ihm verlieren wir einen Menschen, der uns immer ein Vorbild sein wird. Unser ganzes Mitgef\u00fchl gilt seiner Familie.<\/p>\n<p>Die Belegschaft<br \/>\nErkodent Erich Kopp GmbH<\/p>\n","protected":false},"excerpt":{"rendered":"<p>Wir trauern um unseren hochgesch\u00e4tzten Firmengr\u00fcnder und Seniorchef\u00a0Erich Kopp Sein ausgepr\u00e4gter Erfindergeist und seine unersch\u00f6pfliche Tatkraft haben ihn neben seiner Profession als Zahnarzt zur Gr\u00fcndung der Firma Erkodent veranlasst. Viele Jahrzehnte hat er sich mit ganzer Hingabe und Freude dem Ausbau der Firma und der \u201eFamilie Erkodent\u00bb gewidmet. F\u00fcr Erich Kopp war es selbstverst\u00e4ndlich, den [&hellip;]<\/p>\n","protected":false},"author":2,"featured_media":0,"parent":4642,"menu_order":0,"comment_status":"closed","ping_status":"closed","template":"","meta":{"_acf_changed":false,"footnotes":""},"class_list":["post-4797","page","type-page","status-publish","hentry"],"acf":[],"_links":{"self":[{"href":"https:\/\/www.erkodent.de\/es\/wp-json\/wp\/v2\/pages\/4797"}],"collection":[{"href":"https:\/\/www.erkodent.de\/es\/wp-json\/wp\/v2\/pages"}],"about":[{"href":"https:\/\/www.erkodent.de\/es\/wp-json\/wp\/v2\/types\/page"}],"author":[{"embeddable":true,"href":"https:\/\/www.erkodent.de\/es\/wp-json\/wp\/v2\/users\/2"}],"replies":[{"embeddable":true,"href":"https:\/\/www.erkodent.de\/es\/wp-json\/wp\/v2\/comments?post=4797"}],"version-history":[{"count":1,"href":"https:\/\/www.erkodent.de\/es\/wp-json\/wp\/v2\/pages\/4797\/revisions"}],"predecessor-version":[{"id":4798,"href":"https:\/\/www.erkodent.de\/es\/wp-json\/wp\/v2\/pages\/4797\/revisions\/4798"}],"up":[{"embeddable":true,"href":"https:\/\/www.erkodent.de\/es\/wp-json\/wp\/v2\/pages\/4642"}],"wp:attachment":[{"href":"https:\/\/www.erkodent.de\/es\/wp-json\/wp\/v2\/media?parent=4797"}],"curies":[{"name":"wp","href":"https:\/\/api.w.org\/{rel}","templated":true}]}}

<p>Wir trauern um unseren hochgeschätzten Firmengründer und Seniorchef Erich Kopp</p>
<p>Sein ausgeprägter Erfindergeist und seine unerschöpfliche Tatkraft haben ihn neben seiner Profession als Zahnarzt zur Gründung der Firma Erkodent veranlasst. Viele Jahrzehnte hat er sich mit ganzer Hingabe und Freude dem Ausbau der Firma und der „Familie Erkodent» gewidmet.</p>
<p>Für Erich Kopp war es selbstverständlich, den Kontakt zu seinen Mitarbeitern und Mitarbeiterinnen zu suchen. Auch weit über seinen wohlverdienten Ruhestand hinaus, waren ihm die Belange der Firma und der Belegschaft immer wichtig. Dabei haben ihn seine Freundlichkeit, seine Wertschätzung und sein offenes Interesse besonders ausgezeichnet.</p>
<p>Wir sind sehr dankbar für das Lebenswerk von Erich Kopp. Mit ihm verlieren wir einen Menschen, der uns immer ein Vorbild sein wird. Unser ganzes Mitgefühl gilt seiner Familie.</p>
<p>Die Belegschaft<br />
Erkodent Erich Kopp GmbH</p>

<p>Wir trauern um unseren hochgeschätzten Firmengründer und Seniorchef Erich Kopp Sein ausgeprägter Erfindergeist und seine unerschöpfliche Tatkraft haben ihn neben seiner Profession als Zahnarzt zur Gründung der Firma Erkodent veranlasst. Viele Jahrzehnte hat er sich mit ganzer Hingabe und Freude dem Ausbau der Firma und der „Familie Erkodent» gewidmet. Für Erich Kopp war es selbstverständlich, den [&hellip;]</p>
